{"id":3898,"date":"2021-09-10T10:33:57","date_gmt":"2021-09-10T08:33:57","guid":{"rendered":"https:\/\/dev-eat-life.fundesplai.org\/home\/"},"modified":"2023-03-27T13:30:52","modified_gmt":"2023-03-27T11:30:52","slug":"home","status":"publish","type":"page","link":"https:\/\/eat-life.fundesplai.org\/es\/","title":{"rendered":"Home"},"content":{"rendered":"\n<p id=\"tw-target-text\">El <strong>sistema alimentario existente<\/strong> es una de las<strong> principales causas<\/strong> de <strong>degradaci\u00f3n ambiental y cambio clim\u00e1tico:<\/strong> la agricultura emite el 10,3% de los GEI en la UE (AEMA, 2019), contribuye a la <strong>deforestaci\u00f3n, p\u00e9rdida de biodiversidad, resistencia a los antimicrobianos , presencia de contaminantes, degradaci\u00f3n del suelo<\/strong>, etc. <\/p>\n\n\n\n<div style=\"height:48px\" aria-hidden=\"true\" class=\"wp-block-spacer\"><\/div>\n\n\n\n<p id=\"tw-target-text\">Aunque la ciudadan\u00eda global muestra preocupaci\u00f3n por estos problemas, <strong>existe una brecha entre su preocupaci\u00f3n y sus acciones<\/strong>, sobre todo en lo que se refiere a la alimentaci\u00f3n (Especial Eurobar\u00f3metro 501: el 94% de los espa\u00f1oles y creen que el cambio clim\u00e1tico es un problema muy\/bastante grave, pero s\u00f3lo un 13% ha adoptado una dieta m\u00e1s sostenible (a nivel comunitario: 81% y 19%, respectivamente).<\/p>\n\n\n\n<div style=\"height:43px\" aria-hidden=\"true\" class=\"wp-block-spacer\"><\/div>\n\n\n\n<div align=\"center\">\n<figure class=\"wp-block-video\"><iframe loading=\"lazy\" title=\"YouTube video player\" src=\"https:\/\/www.youtube.com\/embed\/wjhq5DLxXsg?autoplay=1\" width=\"875\" height=\"475\" frameborder=\"1\" allowfullscreen=\"allowfullscreen\"><\/iframe>&nbsp; &nbsp;&nbsp;<\/figure>\n<\/div>\n\n\n\n<p id=\"tw-target-text\"> Del mismo modo, <strong>en Catalu\u00f1a el 90% de la poblaci\u00f3n est\u00e1 preocupada por el cambio clim\u00e1tico, pero s\u00f3lo un 1% opta por productos ecol\u00f3gicos o consume de forma responsable<\/strong> (Estudio sobre percepci\u00f3n y h\u00e1bitos ambientales, 2019). Este hecho tambi\u00e9n demuestra que no est\u00e1 claro para los ciudadanos de Catalu\u00f1a (7,6 millones de personas, el 70% de ellos residentes en el \u00e1rea metropolitana de Barcelona) ni de Espa\u00f1a que los sistemas alimenticios contribuyan al cambio clim\u00e1tico y que modificar la dieta es una forma eficaz de acci\u00f3n. <\/p>\n\n\n\n<div style=\"height:49px\" aria-hidden=\"true\" class=\"wp-block-spacer\"><\/div>\n\n\n\n<p id=\"tw-target-text\">El informe <strong><em>Feeding On Future <\/em><\/strong>(Generalitat de Catalunya, 2018) destaca algunas cuestiones del sistema agroalimentario en Catalu\u00f1a que podr\u00edan mejorarse considerablemente: reducir el consumo diario de carne, regular el consumo de az\u00facar y de bebidas azucaradas (ya que los niveles est\u00e1n muy por encima de los recomendados) y <strong>doblar o triplicar el consumo de legumbres, frutas y verduras frescas<\/strong>. <\/p>\n\n\n\n<div style=\"height:49px\" aria-hidden=\"true\" class=\"wp-block-spacer\"><\/div>\n\n\n\n<p id=\"tw-target-text\">Asimismo, existen muchos otros problemas, como el <strong>desperdicio alimentario<\/strong>. Anualmente, se desperdician 35 kilogramos de comida por persona y un 58% a nivel dom\u00e9stico. Otros graves problemas son: la poca dedicaci\u00f3n de las tierras a la agricultura ecol\u00f3gica (s\u00f3lo un 7%), las dificultades de la poblaci\u00f3n para permitirse una alimentaci\u00f3n suficiente y equilibrada (6%) o el alto nivel de sobrepeso de la poblaci\u00f3n de entre 18 y 74 a\u00f1os (49%). <\/p>\n\n\n\n<div style=\"height:36px\" aria-hidden=\"true\" class=\"wp-block-spacer\"><\/div>\n\n\n\n<p id=\"tw-target-text\">A ra\u00edz de estas necesidades nace el <strong>proyecto EAT:LIFE<\/strong>, un programa que pretende <strong>transformar los patrones de consumo alimentario<\/strong> de los ciudadanos de Catalu\u00f1a, pero tambi\u00e9n de Espa\u00f1a y Europa, hacia unos <strong>h\u00e1bitos m\u00e1s sostenibles, justos y saludables<\/strong>. Para ello, el proyecto <strong>ofrece herramientas y apoyo <\/strong>a diferentes agentes del mundo educativo formal, no formal e informal, para que se movilicen e impulsen el cambio hacia un mundo m\u00e1s sostenible.<\/p>\n\n\n\n<div style=\"height:56px\" aria-hidden=\"true\" class=\"wp-block-spacer\"><\/div>\n\n\n\n<h4 class=\"has-text-align-center wp-block-heading\"><a href=\"https:\/\/eat-life.fundesplai.org\/es\/impacto\">\u00a1Comprom\u00e9tete por una alimentaci\u00f3n saludable!<\/a><\/h4>\n\n\n\n<div style=\"height:56px\" aria-hidden=\"true\" class=\"wp-block-spacer\"><\/div>\n\n\n<div class=\"wp-block-image\">\n<figure class=\"aligncenter size-full\"><img loading=\"lazy\" decoding=\"async\" width=\"768\" height=\"1920\" src=\"https:\/\/eat-life.fundesplai.org\/wp-content\/uploads\/2023\/02\/CAST_Infografia.png\" alt=\"\" class=\"wp-image-6454\" srcset=\"https:\/\/eat-life.fundesplai.org\/wp-content\/uploads\/2023\/02\/CAST_Infografia.png 768w, https:\/\/eat-life.fundesplai.org\/wp-content\/uploads\/2023\/02\/CAST_Infografia-200x500.png 200w, https:\/\/eat-life.fundesplai.org\/wp-content\/uploads\/2023\/02\/CAST_Infografia-410x1024.png 410w, https:\/\/eat-life.fundesplai.org\/wp-content\/uploads\/2023\/02\/CAST_Infografia-614x1536.png 614w, https:\/\/eat-life.fundesplai.org\/wp-content\/uploads\/2023\/02\/CAST_Infografia-300x750.png 300w, https:\/\/eat-life.fundesplai.org\/wp-content\/uploads\/2023\/02\/CAST_Infografia-440x1100.png 440w\" sizes=\"auto, (max-width: 768px) 100vw, 768px\" \/><\/figure>\n<\/div>","protected":false},"excerpt":{"rendered":"<p>El sistema alimentario existente es una de las principales causas de degradaci\u00f3n ambiental y cambio clim\u00e1tico: la [&hellip;]<\/p>\n","protected":false},"author":1,"featured_media":0,"parent":0,"menu_order":1,"comment_status":"closed","ping_status":"closed","template":"template\/home.php","meta":{"inline_featured_image":false,"footnotes":""},"class_list":["post-3898","page","type-page","status-publish","hentry"],"yoast_head":"<!-- This site is optimized with the Yoast SEO plugin v27.5 - https:\/\/yoast.com\/product\/yoast-seo-wordpress\/ -->\n<title>EAT:LIFE - Comer mejor cambia el mundo<\/title>\n<meta name=\"description\" content=\"El proyecto EAT:LIFE busca transformar los patrones de consumo alimentario de las persones hacia unos h\u00e1bitos m\u00e1s saludables, justos y sostenibles.\" \/>\n<meta name=\"robots\" content=\"noindex, follow, max-snippet:-1, max-image-preview:large, max-video-preview:-1\" \/>\n<meta property=\"og:locale\" content=\"es_ES\" \/>\n<meta property=\"og:type\" content=\"article\" \/>\n<meta property=\"og:title\" content=\"EAT:LIFE - Comer mejor cambia el mundo\" \/>\n<meta property=\"og:description\" content=\"El proyecto EAT:LIFE busca transformar los patrones de consumo alimentario de las persones hacia unos h\u00e1bitos m\u00e1s saludables, justos y sostenibles.\" \/>\n<meta property=\"og:url\" content=\"https:\/\/eat-life.fundesplai.org\/es\/\" \/>\n<meta property=\"og:site_name\" content=\"EAT: LIFE\" \/>\n<meta property=\"article:modified_time\" content=\"2023-03-27T11:30:52+00:00\" \/>\n<meta property=\"og:image\" content=\"https:\/\/eat-life.fundesplai.org\/wp-content\/uploads\/2023\/02\/CAST_Infografia.png\" \/>\n<meta name=\"twitter:card\" content=\"summary_large_image\" \/>\n<meta name=\"twitter:label1\" content=\"Tiempo de lectura\" \/>\n\t<meta name=\"twitter:data1\" content=\"3 minutos\" \/>\n<script type=\"application\/ld+json\" class=\"yoast-schema-graph\">{\"@context\":\"https:\\\/\\\/schema.org\",\"@graph\":[{\"@type\":\"WebPage\",\"@id\":\"https:\\\/\\\/eat-life.fundesplai.org\\\/es\\\/\",\"url\":\"https:\\\/\\\/eat-life.fundesplai.org\\\/es\\\/\",\"name\":\"EAT:LIFE - Comer mejor cambia el mundo\",\"isPartOf\":{\"@id\":\"https:\\\/\\\/eat-life.fundesplai.org\\\/#website\"},\"primaryImageOfPage\":{\"@id\":\"https:\\\/\\\/eat-life.fundesplai.org\\\/es\\\/#primaryimage\"},\"image\":{\"@id\":\"https:\\\/\\\/eat-life.fundesplai.org\\\/es\\\/#primaryimage\"},\"thumbnailUrl\":\"https:\\\/\\\/eat-life.fundesplai.org\\\/wp-content\\\/uploads\\\/2023\\\/02\\\/CAST_Infografia.png\",\"datePublished\":\"2021-09-10T08:33:57+00:00\",\"dateModified\":\"2023-03-27T11:30:52+00:00\",\"description\":\"El proyecto EAT:LIFE busca transformar los patrones de consumo alimentario de las persones hacia unos h\u00e1bitos m\u00e1s saludables, justos y sostenibles.\",\"inLanguage\":\"es\",\"potentialAction\":[{\"@type\":\"ReadAction\",\"target\":[\"https:\\\/\\\/eat-life.fundesplai.org\\\/es\\\/\"]}]},{\"@type\":\"ImageObject\",\"inLanguage\":\"es\",\"@id\":\"https:\\\/\\\/eat-life.fundesplai.org\\\/es\\\/#primaryimage\",\"url\":\"https:\\\/\\\/eat-life.fundesplai.org\\\/wp-content\\\/uploads\\\/2023\\\/02\\\/CAST_Infografia.png\",\"contentUrl\":\"https:\\\/\\\/eat-life.fundesplai.org\\\/wp-content\\\/uploads\\\/2023\\\/02\\\/CAST_Infografia.png\"},{\"@type\":\"WebSite\",\"@id\":\"https:\\\/\\\/eat-life.fundesplai.org\\\/#website\",\"url\":\"https:\\\/\\\/eat-life.fundesplai.org\\\/\",\"name\":\"EAT: LIFE\",\"description\":\"Una exposici\u00f3 tem\u00e0tica sobre el futur de l&#039;alimentaci\u00f3\",\"potentialAction\":[{\"@type\":\"SearchAction\",\"target\":{\"@type\":\"EntryPoint\",\"urlTemplate\":\"https:\\\/\\\/eat-life.fundesplai.org\\\/?s={search_term_string}\"},\"query-input\":{\"@type\":\"PropertyValueSpecification\",\"valueRequired\":true,\"valueName\":\"search_term_string\"}}],\"inLanguage\":\"es\"}]}<\/script>\n<!-- \/ Yoast SEO plugin. -->","yoast_head_json":{"title":"EAT:LIFE - Comer mejor cambia el mundo","description":"El proyecto EAT:LIFE busca transformar los patrones de consumo alimentario de las persones hacia unos h\u00e1bitos m\u00e1s saludables, justos y sostenibles.","robots":{"index":"noindex","follow":"follow","max-snippet":"max-snippet:-1","max-image-preview":"max-image-preview:large","max-video-preview":"max-video-preview:-1"},"og_locale":"es_ES","og_type":"article","og_title":"EAT:LIFE - Comer mejor cambia el mundo","og_description":"El proyecto EAT:LIFE busca transformar los patrones de consumo alimentario de las persones hacia unos h\u00e1bitos m\u00e1s saludables, justos y sostenibles.","og_url":"https:\/\/eat-life.fundesplai.org\/es\/","og_site_name":"EAT: LIFE","article_modified_time":"2023-03-27T11:30:52+00:00","og_image":[{"url":"https:\/\/eat-life.fundesplai.org\/wp-content\/uploads\/2023\/02\/CAST_Infografia.png","type":"","width":"","height":""}],"twitter_card":"summary_large_image","twitter_misc":{"Tiempo de lectura":"3 minutos"},"schema":{"@context":"https:\/\/schema.org","@graph":[{"@type":"WebPage","@id":"https:\/\/eat-life.fundesplai.org\/es\/","url":"https:\/\/eat-life.fundesplai.org\/es\/","name":"EAT:LIFE - Comer mejor cambia el mundo","isPartOf":{"@id":"https:\/\/eat-life.fundesplai.org\/#website"},"primaryImageOfPage":{"@id":"https:\/\/eat-life.fundesplai.org\/es\/#primaryimage"},"image":{"@id":"https:\/\/eat-life.fundesplai.org\/es\/#primaryimage"},"thumbnailUrl":"https:\/\/eat-life.fundesplai.org\/wp-content\/uploads\/2023\/02\/CAST_Infografia.png","datePublished":"2021-09-10T08:33:57+00:00","dateModified":"2023-03-27T11:30:52+00:00","description":"El proyecto EAT:LIFE busca transformar los patrones de consumo alimentario de las persones hacia unos h\u00e1bitos m\u00e1s saludables, justos y sostenibles.","inLanguage":"es","potentialAction":[{"@type":"ReadAction","target":["https:\/\/eat-life.fundesplai.org\/es\/"]}]},{"@type":"ImageObject","inLanguage":"es","@id":"https:\/\/eat-life.fundesplai.org\/es\/#primaryimage","url":"https:\/\/eat-life.fundesplai.org\/wp-content\/uploads\/2023\/02\/CAST_Infografia.png","contentUrl":"https:\/\/eat-life.fundesplai.org\/wp-content\/uploads\/2023\/02\/CAST_Infografia.png"},{"@type":"WebSite","@id":"https:\/\/eat-life.fundesplai.org\/#website","url":"https:\/\/eat-life.fundesplai.org\/","name":"EAT: LIFE","description":"Una exposici\u00f3 tem\u00e0tica sobre el futur de l&#039;alimentaci\u00f3","potentialAction":[{"@type":"SearchAction","target":{"@type":"EntryPoint","urlTemplate":"https:\/\/eat-life.fundesplai.org\/?s={search_term_string}"},"query-input":{"@type":"PropertyValueSpecification","valueRequired":true,"valueName":"search_term_string"}}],"inLanguage":"es"}]}},"_links":{"self":[{"href":"https:\/\/eat-life.fundesplai.org\/es\/wp-json\/wp\/v2\/pages\/3898","targetHints":{"allow":["GET"]}}],"collection":[{"href":"https:\/\/eat-life.fundesplai.org\/es\/wp-json\/wp\/v2\/pages"}],"about":[{"href":"https:\/\/eat-life.fundesplai.org\/es\/wp-json\/wp\/v2\/types\/page"}],"author":[{"embeddable":true,"href":"https:\/\/eat-life.fundesplai.org\/es\/wp-json\/wp\/v2\/users\/1"}],"replies":[{"embeddable":true,"href":"https:\/\/eat-life.fundesplai.org\/es\/wp-json\/wp\/v2\/comments?post=3898"}],"version-history":[{"count":22,"href":"https:\/\/eat-life.fundesplai.org\/es\/wp-json\/wp\/v2\/pages\/3898\/revisions"}],"predecessor-version":[{"id":7654,"href":"https:\/\/eat-life.fundesplai.org\/es\/wp-json\/wp\/v2\/pages\/3898\/revisions\/7654"}],"wp:attachment":[{"href":"https:\/\/eat-life.fundesplai.org\/es\/wp-json\/wp\/v2\/media?parent=3898"}],"curies":[{"name":"wp","href":"https:\/\/api.w.org\/{rel}","templated":true}]}}

<p id="tw-target-text">El <strong>sistema alimentario existente</strong> es una de las<strong> principales causas</strong> de <strong>degradación ambiental y cambio climático:</strong> la agricultura emite el 10,3% de los GEI en la UE (AEMA, 2019), contribuye a la <strong>deforestación, pérdida de biodiversidad, resistencia a los antimicrobianos , presencia de contaminantes, degradación del suelo</strong>, etc. </p>



<div style="height:48px" aria-hidden="true" class="wp-block-spacer"></div>



<p id="tw-target-text">Aunque la ciudadanía global muestra preocupación por estos problemas, <strong>existe una brecha entre su preocupación y sus acciones</strong>, sobre todo en lo que se refiere a la alimentación (Especial Eurobarómetro 501: el 94% de los españoles y creen que el cambio climático es un problema muy/bastante grave, pero sólo un 13% ha adoptado una dieta más sostenible (a nivel comunitario: 81% y 19%, respectivamente).</p>



<div style="height:43px" aria-hidden="true" class="wp-block-spacer"></div>



<div align="center">
<figure class="wp-block-video"><iframe loading="lazy" title="YouTube video player" src="https://www.youtube.com/embed/wjhq5DLxXsg?autoplay=1" width="875" height="475" frameborder="1" allowfullscreen="allowfullscreen"></iframe>&nbsp; &nbsp;&nbsp;</figure>
</div>



<p id="tw-target-text"> Del mismo modo, <strong>en Cataluña el 90% de la población está preocupada por el cambio climático, pero sólo un 1% opta por productos ecológicos o consume de forma responsable</strong> (Estudio sobre percepción y hábitos ambientales, 2019). Este hecho también demuestra que no está claro para los ciudadanos de Cataluña (7,6 millones de personas, el 70% de ellos residentes en el área metropolitana de Barcelona) ni de España que los sistemas alimenticios contribuyan al cambio climático y que modificar la dieta es una forma eficaz de acción. </p>



<div style="height:49px" aria-hidden="true" class="wp-block-spacer"></div>



<p id="tw-target-text">El informe <strong><em>Feeding On Future </em></strong>(Generalitat de Catalunya, 2018) destaca algunas cuestiones del sistema agroalimentario en Cataluña que podrían mejorarse considerablemente: reducir el consumo diario de carne, regular el consumo de azúcar y de bebidas azucaradas (ya que los niveles están muy por encima de los recomendados) y <strong>doblar o triplicar el consumo de legumbres, frutas y verduras frescas</strong>. </p>



<div style="height:49px" aria-hidden="true" class="wp-block-spacer"></div>



<p id="tw-target-text">Asimismo, existen muchos otros problemas, como el <strong>desperdicio alimentario</strong>. Anualmente, se desperdician 35 kilogramos de comida por persona y un 58% a nivel doméstico. Otros graves problemas son: la poca dedicación de las tierras a la agricultura ecológica (sólo un 7%), las dificultades de la población para permitirse una alimentación suficiente y equilibrada (6%) o el alto nivel de sobrepeso de la población de entre 18 y 74 años (49%). </p>



<div style="height:36px" aria-hidden="true" class="wp-block-spacer"></div>



<p id="tw-target-text">A raíz de estas necesidades nace el <strong>proyecto EAT:LIFE</strong>, un programa que pretende <strong>transformar los patrones de consumo alimentario</strong> de los ciudadanos de Cataluña, pero también de España y Europa, hacia unos <strong>hábitos más sostenibles, justos y saludables</strong>. Para ello, el proyecto <strong>ofrece herramientas y apoyo </strong>a diferentes agentes del mundo educativo formal, no formal e informal, para que se movilicen e impulsen el cambio hacia un mundo más sostenible.</p>



<div style="height:56px" aria-hidden="true" class="wp-block-spacer"></div>



<h4 class="has-text-align-center wp-block-heading"><a href="https://eat-life.fundesplai.org/es/impacto">¡Comprométete por una alimentación saludable!</a></h4>



<div style="height:56px" aria-hidden="true" class="wp-block-spacer"></div>


<div class="wp-block-image">
<figure class="aligncenter size-full"><img loading="lazy" decoding="async" width="768" height="1920" src="https://eat-life.fundesplai.org/wp-content/uploads/2023/02/CAST_Infografia.png" alt="" class="wp-image-6454" srcset="https://eat-life.fundesplai.org/wp-content/uploads/2023/02/CAST_Infografia.png 768w, https://eat-life.fundesplai.org/wp-content/uploads/2023/02/CAST_Infografia-200x500.png 200w, https://eat-life.fundesplai.org/wp-content/uploads/2023/02/CAST_Infografia-410x1024.png 410w, https://eat-life.fundesplai.org/wp-content/uploads/2023/02/CAST_Infografia-614x1536.png 614w, https://eat-life.fundesplai.org/wp-content/uploads/2023/02/CAST_Infografia-300x750.png 300w, https://eat-life.fundesplai.org/wp-content/uploads/2023/02/CAST_Infografia-440x1100.png 440w" sizes="auto, (max-width: 768px) 100vw, 768px" /></figure>
</div>

<p>El sistema alimentario existente es una de las principales causas de degradación ambiental y cambio climático: la [&hellip;]</p>

<!-- This site is optimized with the Yoast SEO plugin v27.5 - https://yoast.com/product/yoast-seo-wordpress/ -->
<title>EAT:LIFE - Comer mejor cambia el mundo</title>
<meta name="description" content="El proyecto EAT:LIFE busca transformar los patrones de consumo alimentario de las persones hacia unos hábitos más saludables, justos y sostenibles." />
<meta name="robots" content="noindex, follow, max-snippet:-1, max-image-preview:large, max-video-preview:-1" />
<meta property="og:locale" content="es_ES" />
<meta property="og:type" content="article" />
<meta property="og:title" content="EAT:LIFE - Comer mejor cambia el mundo" />
<meta property="og:description" content="El proyecto EAT:LIFE busca transformar los patrones de consumo alimentario de las persones hacia unos hábitos más saludables, justos y sostenibles." />
<meta property="og:url" content="https://eat-life.fundesplai.org/es/" />
<meta property="og:site_name" content="EAT: LIFE" />
<meta property="article:modified_time" content="2023-03-27T11:30:52+00:00" />
<meta property="og:image" content="https://eat-life.fundesplai.org/wp-content/uploads/2023/02/CAST_Infografia.png" />
<meta name="twitter:card" content="summary_large_image" />
<meta name="twitter:label1" content="Tiempo de lectura" />
	<meta name="twitter:data1" content="3 minutos" />
<script type="application/ld+json" class="yoast-schema-graph">{"@context":"https:\/\/schema.org","@graph":[{"@type":"WebPage","@id":"https:\/\/eat-life.fundesplai.org\/es\/","url":"https:\/\/eat-life.fundesplai.org\/es\/","name":"EAT:LIFE - Comer mejor cambia el mundo","isPartOf":{"@id":"https:\/\/eat-life.fundesplai.org\/#website"},"primaryImageOfPage":{"@id":"https:\/\/eat-life.fundesplai.org\/es\/#primaryimage"},"image":{"@id":"https:\/\/eat-life.fundesplai.org\/es\/#primaryimage"},"thumbnailUrl":"https:\/\/eat-life.fundesplai.org\/wp-content\/uploads\/2023\/02\/CAST_Infografia.png","datePublished":"2021-09-10T08:33:57+00:00","dateModified":"2023-03-27T11:30:52+00:00","description":"El proyecto EAT:LIFE busca transformar los patrones de consumo alimentario de las persones hacia unos hábitos más saludables, justos y sostenibles.","inLanguage":"es","potentialAction":[{"@type":"ReadAction","target":["https:\/\/eat-life.fundesplai.org\/es\/"]}]},{"@type":"ImageObject","inLanguage":"es","@id":"https:\/\/eat-life.fundesplai.org\/es\/#primaryimage","url":"https:\/\/eat-life.fundesplai.org\/wp-content\/uploads\/2023\/02\/CAST_Infografia.png","contentUrl":"https:\/\/eat-life.fundesplai.org\/wp-content\/uploads\/2023\/02\/CAST_Infografia.png"},{"@type":"WebSite","@id":"https:\/\/eat-life.fundesplai.org\/#website","url":"https:\/\/eat-life.fundesplai.org\/","name":"EAT: LIFE","description":"Una exposició temàtica sobre el futur de l&#039;alimentació","potentialAction":[{"@type":"SearchAction","target":{"@type":"EntryPoint","urlTemplate":"https:\/\/eat-life.fundesplai.org\/?s={search_term_string}"},"query-input":{"@type":"PropertyValueSpecification","valueRequired":true,"valueName":"search_term_string"}}],"inLanguage":"es"}]}</script>
<!-- / Yoast SEO plugin. -->

El proyecto EAT:LIFE busca transformar los patrones de consumo alimentario de las persones hacia unos hábitos más saludables, justos y sostenibles.

Una exposició temàtica sobre el futur de l&#039;alimentació
